hest common divisor of 962 and 74.
74
What is the greatest common divisor of 1312 and 96?
32
What is the highest common factor of 152 and 480?
8
What is the greatest common factor of 11 and 1?
1
What is the highest common divisor of 66 and 78?
6
Calculate the highest common factor of 4307 and 59.
59
What is the highest common factor of 266 and 3976?
14
What is the greatest common divisor of 56 and 736?
8
Calculate the greatest common divisor of 527 and 170.
17
What is the greatest common divisor of 74 and 481?
37
What is the highest common factor of 11 and 44?
11
Calculate the highest common factor of 55 and 77.
11
What is the greatest common factor of 76806 and 102?
102
Calculate the greatest common divisor of 741 and 19.
19
What is the greatest common divisor of 406 and 232?
58
Calculate the highest common factor of 882 and 98.
98
What is the highest common factor of 26 and 3029?
13
What is the greatest common divisor of 3916 and 44?
44
Calculate the highest common factor of 602 and 28.
14
Calculate the greatest common factor of 2249 and 13.
13
Calculate the highest common divisor of 364 and 104.
52
What is the greatest common factor of 40 and 440?
40
What is the highest common divisor of 451 and 2911?
41
Calculate the highest common divisor of 130 and 790.
10
What is the greatest common divisor of 7414 and 44?
22
What is the greatest common divisor of 230 and 1058?
46
What is the highest common factor of 16 and 718?
2
Calculate the greatest common factor of 49 and 28.
7
What is the highest common divisor of 232 and 200?
8
Calculate the highest common factor of 435 and 15.
15
What is the highest common divisor of 36 and 3432?
12
Calculate the greatest common divisor of 1550 and 50.
50
What is the highest common divisor of 14660 and 80?
20
What is the greatest common factor of 270 and 30?
30
Calculate the greatest common factor of 17 and 10217.
17
What is the highest common factor of 11 and 7?
1
What is the greatest common divisor of 952 and 595?
119
Calculate the greatest common factor of 20 and 668.
4
What is the highest common divisor of 166 and 2241?
83
Calculate the highest common divisor of 52 and 524.
4
What is the highest common divisor of 272 and 1666?
34
What is the highest common divisor of 8 and 60?
4
Calculate the greatest common factor of 38 and 1539.
19
Calculate the highest common divisor of 1545 and 103.
103
Calculate the highest common factor of 10134 and 27.
9
Calculate the highest common factor of 820 and 24190.
410
Calculate the greatest common divisor of 35 and 31780.
35
Calculate the highest common divisor of 1638 and 657.
9
Calculate the highest common factor of 65 and 2405.
65
What is the highest common factor of 168 and 112?
56
Calculate the greatest common factor of 187 and 319.
11
What is the greatest common divisor of 1620 and 918?
54
Calculate the highest common divisor of 273 and 63.
21
What is the greatest common divisor of 18 and 9?
9
What is the greatest common factor of 285 and 23560?
95
Calculate the greatest common factor of 13 and 169.
13
Calculate the greatest common factor of 222 and 11914.
74
Calculate the greatest common factor of 18 and 189.
9
Calculate the highest common divisor of 179 and 2.
1
What is the highest common divisor of 6954 and 456?
114
Calculate the greatest common factor of 4774 and 70.
14
Calculate the highest common factor of 36 and 387.
9
What is the highest common factor of 208 and 328?
8
Calculate the greatest common factor of 196 and 7.
7
What is the highest common divisor of 3336 and 24?
24
What is the highest common factor of 18 and 162?
18
Calculate the highest common factor of 22 and 44.
22
Calculate the highest common divisor of 10152 and 156.
12
What is the highest common factor of 117052 and 52?
52
What is the greatest common divisor of 257 and 1799?
257
What is the highest common divisor of 90 and 3636?
18
What is the highest common factor of 18 and 24?
6
What is the greatest common divisor of 54 and 36?
18
Calculate the greatest common divisor of 124 and 806.
62
Calculate the greatest common divisor of 15 and 65.
5
Calculate the greatest common divisor of 559 and 13.
13
Calculate the greatest common factor of 50 and 9575.
25
Calculate the greatest common factor of 17 and 901.
17
Calculate the greatest common factor of 26 and 19903.
13
Calculate the highest common factor of 20 and 9375.
5
What is the greatest common divisor of 152 and 95?
19
What is the greatest common factor of 4 and 24?
4
What is the greatest common divisor of 69 and 1219?
23
What is the highest common divisor of 1687 and 21?
7
Calculate the greatest common divisor of 12 and 2796.
12
Calculate the greatest common divisor of 176 and 198.
22
What is the highest common divisor of 987 and 423?
141
What is the highest common divisor of 1679 and 584?
73
What is the greatest common factor of 456 and 132?
12
Calculate the greatest common factor of 96317 and 403.
403
What is the greatest common factor of 3 and 147?
3
What is the highest common factor of 1 and 19?
1
Calculate the greatest common divisor of 1953 and 10199.
217
Calculate the greatest common factor of 2291 and 29.
29
What is the greatest common divisor of 1150 and 350?
50
Calculate the highest common factor of 40 and 3196.
4
What is the greatest common divisor of 3 and 4?
1
What is the highest common divisor of 26 and 5122?
26
Calculate the highest common divisor of 1218 and 210.
42
What is the highest common divisor of 29 and 464?
29
Calculate the greatest common divisor of 420 and 1120.
140
What is the greatest common divisor of 1304 and 8?
8
What is the greatest common divisor of 105 and 195?
15
What is the greatest common divisor of 630 and 15?
15
Calculate the greatest common factor of 18 and 234.
18
Calculate the greatest common divisor of 74 and 111.
37
What is the highest common factor of 112 and 588?
28
Calculate the highest common divisor of 74 and 703.
37
Calculate the greatest common divisor of 12 and 624.
12
Calculate the highest common divisor of 46 and 1081.
23
What is the greatest common divisor of 38 and 47937?
19
Calculate the highest common divisor of 13 and 4459.
13
Calculate the highest common factor of 54 and 3834.
54
What is the greatest common divisor of 896 and 532?
28
Calculate the greatest common factor of 6817 and 17.
17
What is the greatest common divisor of 42 and 3780?
42
Calculate the highest common factor of 110 and 2695.
55
What is the highest common factor of 6180 and 30?
30
What is the highest common divisor of 255 and 969?
51
Calculate the greatest common factor of 123 and 287.
41
Calculate the greatest common factor of 16212 and 12.
12
What is the highest common factor of 23 and 667?
23
Calculate the greatest common divisor of 50 and 40.
10
Calculate the highest common divisor of 319 and 55.
11
What is the greatest common factor of 30 and 740?
10
Calculate the highest common divisor of 60 and 16860.
60
Calculate the greatest common factor of 2628 and 12.
12
What is the highest common factor of 70 and 42?
14
Calculate the greatest common divisor of 484 and 220.
44
Calculate the greatest common divisor of 28 and 4438.
14
What is the greatest common factor of 2831 and 57?
19
Calculate the highest common divisor of 133 and 49476.
133
Calculate the greatest common factor of 2280 and 1995.
285
What is the highest common factor of 768 and 12?
12
What is the highest common divisor of 22 and 198?
22
Calculate the highest common factor of 5694 and 78.
78
What is the highest common factor of 36 and 7104?
12
What is the highest common divisor of 81 and 108?
27
What is the highest common divisor of 7 and 3346?
7
What is the greatest common divisor of 72 and 234?
18
Calculate the highest common divisor of 3 and 75.
3
Calculate the highest common divisor of 108 and 2292.
12
What is the greatest common factor of 345 and 7061?
23
Calculate the highest common factor of 135 and 10.
5
What is the highest common divisor of 128 and 48?
16
What is the greatest common factor of 462 and 1806?
42
What is the greatest common factor of 60 and 1860?
60
What is the highest common divisor of 5 and 40?
5
Calculate the greatest common divisor of 1329 and 18.
3
What is the highest common factor of 627 and 264?
33
Calculate the highest comm